70?
73
What is the remainder when 11978665 is divided by 2478?
13
Calculate the remainder when 210611 is divided by 8775.
11
Calculate the remainder when 178438948 is divided by 89219469.
10
Calculate the remainder when 4479737 is divided by 86.
83
Calculate the remainder when 174080 is divided by 43471.
196
What is the remainder when 17845 is divided by 306?
97
Calculate the remainder when 69138 is divided by 1166.
344
What is the remainder when 9439644 is divided by 150?
144
Calculate the remainder when 8643912 is divided by 73.
55
Calculate the remainder when 246400437 is divided by 1245.
1242
Calculate the remainder when 1911120 is divided by 27301.
50
Calculate the remainder when 17800 is divided by 5922.
34
What is the remainder when 815156 is divided by 271019?
2099
What is the remainder when 670043 is divided by 3725?
3268
Calculate the remainder when 2555186 is divided by 69.
47
Calculate the remainder when 59105146 is divided by 25.
21
Calculate the remainder when 154780 is divided by 17094.
934
Calculate the remainder when 17855 is divided by 2177.
439
Calculate the remainder when 13518123 is divided by 185.
173
Calculate the remainder when 7152471 is divided by 370.
1
What is the remainder when 20207 is divided by 3356?
71
What is the remainder when 49192346 is divided by 31?
27
What is the remainder when 10153414 is divided by 407?
392
What is the remainder when 75535913 is divided by 91?
89
What is the remainder when 11300120 is divided by 289743?
143
Calculate the remainder when 17936 is divided by 4303.
724
Calculate the remainder when 18716 is divided by 8703.
1310
Calculate the remainder when 8793 is divided by 432.
153
What is the remainder when 3859542 is divided by 55?
27
What is the remainder when 83449 is divided by 1464?
1
Calculate the remainder when 10432059 is divided by 807.
777
What is the remainder when 333440 is divided by 33288?
560
What is the remainder when 4743228 is divided by 75289?
21
Calculate the remainder when 310258 is divided by 178.
4
What is the remainder when 2482141 is divided by 827372?
25
What is the remainder when 380137464 is divided by 537?
534
What is the remainder when 3960357 is divided by 88?
5
Calculate the remainder when 18838509 is divided by 63.
60
Calculate the remainder when 1333825 is divided by 3923.
5
What is the remainder when 123232 is divided by 519?
229
Calculate the remainder when 439956 is divided by 113.
47
What is the remainder when 1100964309 is divided by 1049?
1045
Calculate the remainder when 77728127 is divided by 6.
5
What is the remainder when 179129 is divided by 59657?
158
What is the remainder when 225737 is divided by 1005?
617
Calculate the remainder when 983188679 is divided by 422.
419
What is the remainder when 16372872 is divided by 47?
46
What is the remainder when 219384 is divided by 108142?
3100
What is the remainder when 26627214 is divided by 176?
174
Calculate the remainder when 339477 is divided by 784.
5
Calculate the remainder when 54170 is divided by 68.
42
Calculate the remainder when 2097276 is divided by 280.
76
Calculate the remainder when 3718400 is divided by 84509.
4
Calculate the remainder when 361935 is divided by 178.
61
Calculate the remainder when 1863812 is divided by 31590.
2
Calculate the remainder when 464447 is divided by 304.
239
Calculate the remainder when 684147 is divided by 781.
772
Calculate the remainder when 497993 is divided by 3276.
41
What is the remainder when 11606662 is divided by 17720?
62
Calculate the remainder when 91248 is divided by 91160.
88
What is the remainder when 1859834 is divided by 185983?
4
Calculate the remainder when 329369 is divided by 1810.
1759
Calculate the remainder when 392593 is divided by 96720.
5713
What is the remainder when 85274 is divided by 7592?
1762
Calculate the remainder when 1019232 is divided by 39200.
32
What is the remainder when 7700897 is divided by 427819?
155
Calculate the remainder when 17531312 is divided by 119.
113
Calculate the remainder when 253451 is divided by 318.
5
Calculate the remainder when 306464 is divided by 102153.
5
Calculate the remainder when 193250 is divided by 11366.
28
What is the remainder when 3322697 is divided by 386?
9
Calculate the remainder when 46142 is divided by 89.
40
What is the remainder when 20284803 is divided by 58?
57
Calculate the remainder when 8542389 is divided by 13845.
24
Calculate the remainder when 1541211 is divided by 29078.
77
Calculate the remainder when 69852923 is divided by 24.
11
What is the remainder when 5027256 is divided by 201089?
31
Calculate the remainder when 82786883 is divided by 411875.
8
What is the remainder when 1306627 is divided by 186522?
973
What is the remainder when 25436 is divided by 1568?
348
Calculate the remainder when 1614715 is divided by 236.
3
Calculate the remainder when 24837463 is divided by 6209364.
7
What is the remainder when 707316826 is divided by 1487?
1484
Calculate the remainder when 295822 is divided by 2.
0
Calculate the remainder when 191161 is divided by 1035.
721
Calculate the remainder when 14597386 is divided by 1124.
1122
Calculate the remainder when 975614 is divided by 237.
122
What is the remainder when 12879 is divided by 2221?
1774
Calculate the remainder when 343273 is divided by 1800.
1273
Calculate the remainder when 70790 is divided by 14077.
405
What is the remainder when 10976891 is divided by 4303?
4241
What is the remainder when 2893184 is divided by 46?
14
What is the remainder when 1885350 is divided by 1885332?
18
What is the remainder when 1257472 is divided by 82?
2
Calculate the remainder when 45697 is divided by 4551.
187
What is the remainder when 28153759 is divided by 14?
11
What is the remainder when 841137 is divided by 420255?
627
What is the remainder when 3316372 is divided by 544?
148
What is the remainder when 38689 is divided by 1524?
589
Calculate the remainder when 1722174 is divided by 11956.
510
What is the remainder when 4807769 is divided by 1106?
1093
What is the remainder when 4559562 is divided by 1519648?
618
What is the remainder when 7561927 is divided by 3780770?
387
Calculate the remainder when 871414 is divided by 174255.
139
What is the remainder when 5271944 is divided by 5271923?
21
Calculate the remainder when 1340019 is divided by 10002.
9753
Calculate the remainder when 1409392 is divided by 58.
50
What is the remainder when 177812359 is divided by 44?
43
What is the remainder when 85354 is divided by 6351?
2791
What is the remainder when 1917780 is divided by 407?
403
Calculate the remainder when 6538897 is divided by 242176.
145
What is the remainder when 42762 is divided by 2335?
732
Calculate the remainder when 860560 is divided by 1487.
1074
Calculate the remainder when 177321 is divided by 88546.
229
Calculate the remainder when 57565083 is divided by 1522.
1521
Calculate the remainder when 1710463 is divided by 378.
13
What is the remainder when 208799 is divided by 790?
239
Calculate the remainder when 82103206 is divided by 1453.
1441
Calculate the remainder when 2068532 is divided by 12.
8
Calculate the remainder when 5038328 is divided by 3458.
22
What is the remainder when 1140701 is divided by 1980?
221
What is the remainder when 6671720 is divided by 994?
986
Calculate the remainder when 489001 is divided by 5314.
113
Calculate the remainder when 101829 is divided by 1953.
273
What is the remainder when 466178 is divided by 215?
58
Calculate the remainder when 1246675 is divided by 155829.
43
Calculate the remainder when 22059655 is divided by 100729.
4
What is the remainder when 2372263 is divided by 46?
43
What is the remainder when 8466895 is divided by 975?
970
What is the remainder when 649379 is divided by 645?
509
What is the remainder when 2137614 is divided by 152651?
500
Calculate the remainder when 28565 is divided by 1926.
1601
What is the remainder when 728422 is divided by 25118?
0
What is the remainder when 2522406 is divided by 420392?
54
Calculate the remainder when 529716 is divided by 264781.
154
What is the remainder when 616141 is divided by 154030?
21
What is the remainder when 20256842 is divided by 6503?
6500
What is the remainder when 13948303 is divided by 398?
393
Calcul